ine k(i).
-12
Let t(g) = 5*g**2 + 2*g - 1. Let m be (4/(-6))/(1/6). Let y = m - -9. Suppose 4*w = -4*l + 4, -4*l - y = -5*w - 0*l. What is t(w)?
6
Suppose -62 + 17 = -15*f. Let b(y) = -2 - 1 - f*y**2 - y**3 + 38*y - 35*y. Give b(-4).
1
Suppose -8 = 13*s - 112. Let y(h) = 3*h - 8. Give y(s).
16
Let x be ((-1 - 2)*-1)/1. Suppose -8 = -x*n + 5*f + 8, -2*n - f - 11 = 0. Let w(l) = l**3 + 2*l**2 + 3*l + 4. Determine w(n).
-14
Let d(l) = -l**2 - 8*l - 3. Let v(h) be the first derivative of h**3/3 + 7*h**2/2 + 2*h - 10. Let s(j) = 4*d(j) + 5*v(j). Determine s(-2).
-4
Let j(t) be the first derivative of -2*t**4 - t**2/2 + 1. Let l = 17073 - 17074. Determine j(l).
9
Suppose 117*h - 245 = -11. Let s(g) be the first derivative of 9/2*g**h - 2*g + 11 - 1/3*g**3. What is s(8)?
6
Let l(d) = -d - 1. Let h be l(-2). Let v(q) = -h + 2 - 5 + q. Determine v(4).
0
Let l(u) be the second derivative of u**7/2520 + u**6/90 + u**5/12 + 17*u**4/12 - 4*u. Let m(s) be the third derivative of l(s). What is m(-7)?
3
Let y(j) = 3*j**3 - 5*j**2 - 21*j. Let u(m) = 2*m**3 - 3*m**2 - 12*m. Let w(d) = 7*u(d) - 4*y(d). Calculate w(-1).
-3
Let q(l) = -l**3 + 7*l**2 - l + 5. Let z be q(7). Suppose 0*f - 6 = 2*f. Let w be (f/(-9))/(z/6). Let g(k) = -3*k**2 + 2*k + 1. Give g(w).
-4
Let s(n) be the second derivative of 19*n**4/12 + n**3/3 + n**2/2 - 92*n - 1. What is s(-1)?
18
Let y(c) = -c**2 - 11*c - 11. Let v = -269 - -257. Calculate y(v).
-23
Let v be 2/10 - ((-54)/(-5))/(-6). Let s(q) = q + q - q**v + 1 + q + 2*q. Give s(5).
1
Let i(t) be the first derivative of -t - 5 - t**3 + 1/4*t**4 + t**2. Calculate i(2).
-1
Suppose -10*b + 253 = 213. Let f(m) be the third derivative of -5/24*m**b - 1/2*m**3 + 0 + 4*m**2 + 0*m. Calculate f(-2).
7
Suppose 0 = -4*m + 5*d - 13, 3*m - 29 = -0*m - 4*d. Let b(p) = 4 - 5*p - p - p. Let q(s) = 4*s - 2. Let g(c) = m*b(c) + 5*q(c). Give g(0).
2
Let h(v) = -4*v**2 + 9*v**2 + v**2 + 5*v - 2*v**2. Determine h(-2).
6
Suppose 148*x + 32 = 140*x. Let c(m) be the third derivative of -m**6/120 - m**5/30 + m**4/6 - 2*m**3/3 - m**2. Determine c(x).
12
Let t(q) = 6*q + 3. Let f(r) = 9*r**2 - 3*r - 2. Let x be f(-1). Let z = 13 - x. Let o be 4 - 7/z*3. What is t(o)?
-15
Suppose 7*n + 32 + 164 = 0. Let i(d) = d + 36. What is i(n)?
8
Let o = 14 + -22. Let m(h) = -40*h + 157. Let j(y) = -7*y + 28. Let f(p) = -34*j(p) + 6*m(p). Calculate f(o).
6
Suppose 4*x - 4*s + 9*s = -23, x + 5*s + 17 = 0. Suppose 3*b - 8 = -b. Let n(i) = i**b + 0 + 0 + 4*i. Calculate n(x).
-4
Let z = 367 - 366. Let k(b) = 19*b**2 + 4. Let p(v) = 780*v**2 + 165. Let j(r) = -165*k(r) + 4*p(r). Calculate j(z).
-15
Suppose 14*q + 66 = -32. Let u(b) = -b**2 - 7*b + 7. Give u(q).
7
Let l(f) be the third derivative of f**6/120 + f**5/5 - 5*f**4/8 - 5*f**3/3 + 5*f**2 + 11*f. Calculate l(-13).
16
Let s be 14/2*440/385. Let v(f) = f**2 - 5*f - 9. What is v(s)?
15
Let j(q) = q**2 + 11*q - 1. Let p(z) = -2*z - 3. Let f(m) = j(m) + p(m). What is f(-10)?
6
Let p = 316 - 453. Let j = -129 - p. Let y(a) = a - 1. Give y(j).
7
Let t = -3 - -4. Let d(f) = -f - t + 0 - 1. Let h be ((2/(-6))/(-1))/((-6)/36). Determine d(h).
0
Let l(x) = 5*x - 3 + 4 - 3 - x**2. Suppose -82*c + 75*c = -35. What is l(c)?
-2
Let z(d) = -11*d - 165. Let h be z(-15). Let f(s) be the third derivative of -s**4/24 - 5*s**3/6 - s**2. Give f(h).
-5
Let u(w) = -w**3 + 8*w - 2. Let i be u(-4). Suppose 6 = -4*s + i. Let v = 7 - s. Let m(o) = 6*o - 1. Determine m(v).
5
Suppose 3*i = 3*r - 45, 5*r + 132 = -5*i + 27. Let t = 20 + i. Let y(p) = -p**2 - 3*p + 1. Determine y(t).
-9
Let k be 2/28*-74 - (-82)/287. Let m(f) = f**3 + 4*f**2 - 3*f. Calculate m(k).
-10
Let w(r) = 2*r + 11. Suppose 4*q + 12*q = -96. Give w(q).
-1
Suppose 0 = 3*o + 5*p + 10, -2*o - p - 14 = o. Let c = -3 + 11. Let y(t) = -c + 13 + t - 1. Calculate y(o).
-1
Suppose -3 = -4*r + 5*r. Let z(g) = -g**3 - 3*g**2 + 4*g + 2. Give z(r).
-10
Let d = 16 - 13. Let l(r) = 3*r**2 - 3*r**3 + 21 + 10*r**2 - 2*r**d. Let h(c) = -c**3 + 3*c**2 + 5. Let f(w) = -9*h(w) + 2*l(w). Determine f(0).
-3
Let a = -5 - -7. Suppose y = -z - a*z + 7, 5*z - 2*y = 30. Suppose 8 = -2*u - z*v, -1 = -v + 2*v. Let m(k) = 3*k**2 - k + 1. Give m(u).
15
Let o(r) = 3*r - 7. Let s(b) = 4*b**2 + 2 - 6*b - 1 + 8*b + 2*b**2. Let u be s(-1). Suppose 5*m + 3*q - 2 - 8 = 0, q = -u. Give o(m).
8
Let p(w) = -4*w + 7*w - 11 + 11. Let r(l) = -l**3 + 4*l**2 - l + 3. Let q be r(4). Let h be (2 - 1) + (q - 1). Calculate p(h).
-3
Suppose -7 + 2 = -a. Let c be 136/(-20)*a/(-1). Suppose 5*k + 0*k + 4*w = c, 5*w = 5*k - 25. Let q(i) = -i**2 + 6*i - 3. What is q(k)?
-3
Let f(l) = l**2 - 13*l + 16. Let d be (-180)/(-13) + 66/429. Let o be -5 + (d - -5 - 3). Determine f(o).
-6
Let l(v) = -v**2 - 13*v - 5. Let t be l(-13). Let y = 0 - t. Let c(f) = 3*f - 7. Let d(q) = -4*q + 8. Let w(z) = y*d(z) + 6*c(z). What is w(-4)?
6
Let g(n) be the first derivative of 3*n**2 + 9*n - 50 + 1/3*n**3. Determine g(-6).
9
Let v(w) = -w**2 + 4*w + 6. Let m(d) = 3*d - 9. Let t = 12 - 7. Let q be m(t). What is v(q)?
-6
Let l(f) = -f**2 + 13*f - 20. Let k be l(8). Suppose v + k = -g - 2*g, -5*g - 4*v - 24 = 0. Let o(p) = -p - 4. Calculate o(g).
4
Suppose 2*i = -4*g + 36, -5*i = -9*i - 16. Let s(c) = -2*c + 21. Calculate s(g).
-1
Let m(d) = 3*d. Let x(k) = 3*k - 2. Let y(n) = 3*m(n) - 2*x(n). Let h(z) = -3*z - 4. Let t(i) = 5*h(i) + 4*y(i). Give t(-4).
8
Let a(x) = 3*x**2 + 11*x + 3. Let g(z) = 2*z**2 + 6*z + 2. Let m(u) = 3*a(u) - 5*g(u). Let q be 12/(-8)*(-2)/3. Give m(q).
1
Let h(l) = l + 2 + 3 + 2 + 3. Let p(g) = 2*g. Let d be p(1). Suppose -3*q + d*q = 0. Calculate h(q).
10
Let c(r) = -2*r**2 - 56*r + 2. Let m be c(-28). Let u(l) = -l**3 - 3*l**2 + l. Calculate u(m).
-18
Let f be -5*(18/15)/1. Let y(j) = j**3 + j**2 + j. Let b be (4 - 0)/(-8)*2. Let c(o) = -7*o**3 - 10*o**2 + 2*o + 7. Let m(r) = b*c(r) + f*y(r). What is m(-5)?
8
Let m(v) = -v**2 + 6*v - 3. Let q(j) = -5*j**3 + 59*j**2 + 16*j - 41. Let g be q(12). Determine m(g).
-10
Let b(x) = -x**3 + 16*x**2 + 9*x + 18. Let w be b(11). Let n(g) = -2*g - 3*g**2 - 719 + 4*g**2 + w. Determine n(3).
6
Let b(q) = -q - 10. Let j be b(-10). Let s(n) = n**3 + 2*n**2 - 2*n + 2. Let h(x) = -2*x**3 - 5*x**2 + 5*x - 6. Let z(f) = -h(f) - 3*s(f). What is z(j)?
0
Let i be 5*(4/4 - -1). Let q be i/12 - 2/(-12). Let g = 5 - q. Let c(l) = 3*l - 4. Calculate c(g).
8
Let m(l) = -12*l + 20. Let w be m(6). Let n = 54 + w. Let a(t) = -t**2 + 4*t. Determine a(n).
4
Let s(m) = -14*m - 5. Let q(t) = 39*t + 15. Let h(p) = -4*q(p) - 11*s(p). Give h(-5).
5
Let n(m) be the first derivative of 2*m**3/3 + 2*m**2 - 6*m + 916. Determine n(-5).
24
Let m(f) be the first derivative of f**5/120 - f**4/3 + f**3 - 4. Let h(t) be the third derivative of m(t). Let j = 291 - 286. Determine h(j).
-3
Let o(n) = -n**3 + n + 3. Let g(m) = m**2 - 19*m + 90. Let h be g(9). Give o(h).
3
Let v(g) = 8*g**2 + g - 1. Suppose 12 = s + 6. Let m be (s/12)/(3/6). What is v(m)?
8
Let x(u) = -27*u - 1. Let m(s) = -9*s - 1. Let v(r) = -2*m(r) + x(r). Calculate v(1).
-8
Let a(y) = -12 - y**3 - 4*y**2 - 3*y + 2*y + 13*y**2. Give a(9).
-21
Let r = -2849/6 - -475. Let l(n) be the third derivative of r*n**3 + 0*n + 0 - 1/6*n**4 + 6*n**2. Determine l(-2).
9
Let x(g) = g**2 + 4*g - 4. Let o(b) = -b**3 + b**2 - b - 1. Let m(i) = 2*i**3 - 4*i**2 + 6*i + 5. Let z(k) = -m(k) - 6*o(k). Let q be z(1). What is x(q)?
17
Let s(d) = d + 10. Suppose 5*t + 76 - 21 = 0. Let w be s(t). Let z(p) be the third derivative of -7*p**6/120 + p**4/24 + p**3/6 + p**2. Calculate z(w).
7
Let o = -8 + 14. Let x = -13 + 25. Let v(p) = -p**3 + 7*p**2 + 27 - 6*p - 17 - x. Calculate v(o).
-2
Suppose 0 = f - 5 - 0, -3*y - 2*f = -25. Suppose -k - 3*p = 8, 4*p + 17 = -k + y. Let a(w) = -k*w + 4*w**3 + 2*w + 3*w. Calculate a(-1).
-5
Let r(u) = 6*u**2 - 5*u - 4*u**2 - 3*u**3 - 9*u**3 + 4*u + 0*u**2. Calculate r(1).
-11
Let s(r) = 21*r + 3. Let a be -3 + 12 + (3 - 4). Let n(m) = 14*m + 2. Let v(t) = a*n(t) - 5*s(t). Let o = -1 - -2. Calculate v(o).
8
Let d(g) = -2*g**2 + 10*g - 2. Let m(v) = -6*v**2 + 30*v - 3. Let j(o) = 7*d(o) - 2*m(o). Give j(6).
-20
Let t(j) = -13*j - 8*j - 3 - 13*j + 7 + 29*j. Calculate t(5).
-21
Suppose 0 = -57*u + 53*u. Let a(p) be the second derivative of -p - 3/2*p**2 + u - 